ainder when s is divided by v(2).
41
Let q = -27437 - -27643. Calculate the remainder when q is divided by 74.
58
Suppose -6*q - 44 = -10*q. Suppose -4*t + q*t = 70. Suppose 14*z - 12*z = 18. What is the remainder when t is divided by z?
1
Suppose 2*b + 3*l - 104 = -736, -4*l = -3*b - 948. Let j = b + 336. Let x = 28 - -10. Calculate the remainder when x is divided by j.
18
Suppose -5*m + 40 = 0, 1682*m - 1678*m + 4633 = 3*v. Calculate the remainder when v is divided by 95.
35
Let q(z) = -2*z**3 + 14*z**2 - 15*z + 18. Let o be q(6). Suppose 2*x = -m + 629, o*x = -m + 5*x + 629. Calculate the remainder when m is divided by 7.
6
Let i = 422 - 417. Suppose i*n = 484 - 159. Calculate the remainder when n is divided by 29.
7
Suppose h = -3 - 1. Let y = 0 - h. Let u = -359 + 370. Calculate the remainder when u is divided by y.
3
Let l(o) be the first derivative of -o**2 + o - 14. Let g be l(-1). Suppose g*s - 84 = 3*j, -2*s + 68 = 3*j - j. Calculate the remainder when s is divided by 8.
7
Suppose 2*v + 4*u - 34 = 0, 4*v - 5*u = 2*v - 2. Let f be (-4 + 2 + 1)/(-1). Let r = 14 - f. What is the remainder when r is divided by v?
4
Let k be (-45)/5 - -1 - 5. Let c(w) = 2*w + 81. Calculate the remainder when c(k) is divided by 14.
13
Suppose -3*v + 120 = -3*h, -7*h - 22 + 57 = 0. Calculate the remainder when 104 + -4 + (-4)/10*-5 is divided by v.
12
Let f = -8836 - -8845. What is the remainder when 258 is divided by f?
6
Let i = 1 - -19. Suppose 3*t = 2*x - 0*x + 232, -84 = -t + 4*x. Suppose -3*n = t - 229. Calculate the remainder when n is divided by i.
11
Let s be (-120)/(-100)*10/3. Suppose 2*p + 102 = 2*n, s*n - 216 = -0*n - 2*p. What is the remainder when 98 is divided by n?
45
Let l be 4/18 + 282/(-54). Let h(x) be the second derivative of x**4/4 + 4*x**3/3 - 5*x**2 + 9*x. Calculate the remainder when h(l) is divided by 9.
7
Let a(d) = 1405*d + 16926. Let t be (-13 - -1 - -1)*4. Let n = t + 67. Calculate the remainder when a(-12) is divided by n.
20
What is the remainder when 3065 is divided by ((-26)/(-4))/(224/448)?
10
Let d = -14321 + 14338. What is the remainder when 1622 is divided by d?
7
Let s be 4 + 100/(-24) - 8740/(-24). Let o = s - 350. Calculate the remainder when 166 is divided by o.
12
What is the remainder when (-612)/36 - (6 - 3029) is divided by 251?
245
Let t = -3593 - -3627. What is the remainder when 2478 is divided by t?
30
Calculate the remainder when ((-3)/(-1))/(20910/3484 + -6) is divided by 76.
70
Let v = -16164 + 16220. Calculate the remainder when 151 is divided by v.
39
Suppose -3*a - 3*o = -126, 2*a - 2*o - 121 = -25. Calculate the remainder when 6207 is divided by a.
42
Let b = -177 + 427. Suppose -i - 12 = -4*g, 0 = -2*i - g - g + 16. Suppose 2*f - 80 = k, 17 = i*k + 1. Calculate the remainder when b is divided by f.
40
Let s = -6111 + 6155. Calculate the remainder when 81 is divided by s.
37
Let g(n) = -n**2 + 14*n - 22. Let r be g(12). Suppose r*z - 17 = 19. What is the remainder when 195 is divided by z?
15
Calculate the remainder when 3*2/14 + -16 + (-231534)/(-126) is divided by 8.
6
Let s = -521 - -352. Let g = -126 - s. Calculate the remainder when 85 is divided by g.
42
Let n = -778 - -787. Let s(m) = m**3 - 9*m**2 + 8*m - 65. Calculate the remainder when s(n) is divided by 7.
0
Let r = -50 + 81. Suppose -5*f - 4*s + r = 0, 3*f + 5*s = 4*f + 17. Calculate the remainder when 20 is divided by f.
2
Let u = -2 - -1. Calculate the remainder when -7 - (2/11 - (-19 - 20190/(-330))) is divided by (-74)/(-4) + u/(-2).
16
Suppose w - 2 = -q, -q = 2*w - 3*w - 12. Suppose -14*r + q*r = 7. Let m(g) = -30*g - 4. What is the remainder when 102 is divided by m(r)?
24
Suppose 6351 - 50143 = -56*t. Calculate the remainder when t is divided by 64.
14
Let n = -221 - -250. Calculate the remainder when 1320 is divided by n.
15
Let q(o) be the first derivative of o**3/3 - o**2/2 - 12*o - 5. Let k(t) = -20*t + 166. Let b be k(8). Calculate the remainder when 48 is divided by q(b).
12
Let k(d) be the third derivative of -d**6/120 + d**5/60 - d**4/6 - 5*d**3/3 - 2*d**2 - 19*d. What is the remainder when k(-4) is divided by 29?
28
Suppose -t + v = -53, -3*t + 236 = t + 4*v. Calculate the remainder when 149 is divided by t.
37
Let m(u) = u**2 + 15*u + 31. Let o be m(12). Suppose 53*n - 58*n - o = -5*x, -10 = 5*n. Calculate the remainder when x is divided by 19.
12
Let h = 7933 + -6072. Calculate the remainder when h is divided by 133.
132
Suppose 0 = 76*y - 6*y + 100*y - 8840. Let o(x) = -2*x + 5. Calculate the remainder when y is divided by o(-8).
10
Suppose 3*j + 4 = -j, -5*j = 5*c - 40. Suppose -4*a = -c*a - 20. What is the remainder when 13 is divided by (-1)/((a/4)/5)?
3
Let t(k) = 2*k**3 - 4*k**2 + 4*k - 21. Let b be t(6). Let n = b - 221. Calculate the remainder when 206 is divided by n.
66
Let c(o) = -o - 10. Let r be c(0). What is the remainder when (656/(-36))/((-176)/792) is divided by (-4)/r - (-206)/10?
19
Suppose 349 = 22*n - 773. What is the remainder when 270 is divided by n?
15
Suppose -2*p = 758*w - 759*w + 4573, w + 2*p - 4569 = 0. What is the remainder when w is divided by 67?
15
Let c(g) = -g**2 + 29*g + 127. Calculate the remainder when c(31) is divided by 25.
15
Let u(a) = a**2 + 2 + 5 - a + 4*a + 0. Suppose 1222 = 32*h + 62*h. Calculate the remainder when u(7) is divided by h.
12
Let v be (-4)/((-61)/(-20) - 3). Let o = 143 + v. Suppose 10*m - o = 7*m. What is the remainder when m is divided by 6?
3
Let b(w) = 7*w**2 - 4*w + 32. Let t be b(8). Let g = -430 + t. What is the remainder when 66 is divided by g?
12
Let u = 54 + -37. Suppose 178*n + 807 = 181*n. Calculate the remainder when n is divided by u.
14
Let r = -389 + 369. Calculate the remainder when (r/3)/(14/(-147)) is divided by 29.
12
Calculate the remainder when 659075/943 - 8/(-92) is divided by 182.
153
Let s(b) = -2*b**3 + 13*b**2 - 4*b - 7. Let n be s(6). Let g(y) = 6*y - 20. What is the remainder when 58 is divided by g(n)?
8
Suppose -4*j + 2*g + 1 + 1 = 0, g + 1 = -j. Let z be 0/2 + j + (-3 - -6). Suppose 2*b = z*b - 20. What is the remainder when 57 is divided by b?
17
Let r(v) = v - 4. Let k = 56 - 49. Let s be r(k). Suppose -s*q + h + 6 = 5, 33 = 4*q + 5*h. What is the remainder when q is divided by 1?
0
Suppose v + 5*a - 17 = 0, 5*a = -3*v + 5*v - 49. Suppose s + s = v. Suppose -12*r + 109 + s = 0. What is the remainder when 59 is divided by r?
9
Suppose -3*n + 3*f + 36 = 0, f - 33 = -4*n + 35. Suppose n*z + 359 = 1623. Calculate the remainder when z is divided by 22.
13
Let x(t) = -t**3 + t**2 - t + 4. Suppose 0 = -3*z - 15, 5*f - 4*z - 59 = -249. What is the remainder when 107/7 + 12/f is divided by x(0)?
3
Let z = 8325 + -2633. Calculate the remainder when z is divided by 178.
174
Suppose 42 = 2*q - 6. Suppose 22*k + 5*c + 7 = 23*k, 4*k = -4*c + 28. Calculate the remainder when 2/(-8) - (-318)/q is divided by k.
6
Suppose -5*x - 684*v + 310 = -682*v, 5*v - 295 = -5*x. What is the remainder when x is divided by 11?
9
Suppose 2 = -2*i - 3*c + 5, i + 1 = -4*c. Suppose -2*q = i - 1, -4*p - 15 = 3*q. Calculate the remainder when 57 is divided by (-105)/5*(1 + -5 - p).
15
Let y = -36 - -79. Suppose -6*u - 59 = -3*i - u, 2*i = 2*u + 38. What is the remainder when y is divided by ((-6)/(-9))/(3/i) - -5?
7
Suppose -130 = -4*a + 26. Let p be (12/5)/((-2)/300). Let m = p - -366. Calculate the remainder when a is divided by m.
3
Suppose -38 = -7*g + 4. What is the remainder when 34 is divided by (8/6)/(g/81)?
16
What is the remainder when 723 is divided by ((-27)/15)/(393/(-38645))?
15
Let p = 1159 - 752. Suppose 17*c - p = 6*c. What is the remainder when 145 is divided by c?
34
Suppose 0 = -294*g + 289*g + 845. Calculate the remainder when 178 is divided by g.
9
Let w(l) = l**3 + 46*l**2 - 30*l - 494. What is the remainder when w(-46) is divided by 37?
35
Suppose l + 155*z = 154*z + 13, 2*z + 14 = 0. Calculate the remainder when 255 is divided by l.
15
Let b(m) = -8*m. Let z be b(-3). Let u = 816 - 812. Suppose 5*h - z = -2*w + 15, -h = u*w - 33. What is the remainder when 25 is divided by w?
4
Let c(u) = u**3 + 8*u**2 - 2*u - 13. Let k = -48 - -42. Let g be c(k). Let p = g - -19. What is the remainder when p is divided by 23?
21
Let r = 269 + -239